{"id":11,"date":"2024-12-15T21:27:00","date_gmt":"2024-12-15T20:27:00","guid":{"rendered":"https:\/\/parafiagruczno.pl\/?page_id=11"},"modified":"2025-07-22T17:29:42","modified_gmt":"2025-07-22T15:29:42","slug":"typography","status":"publish","type":"page","link":"https:\/\/parafiagruczno.pl\/?page_id=11","title":{"rendered":"SAKRAMENTY"},"content":{"rendered":"\n<h1 class=\"wp-block-heading\"><strong>Chrzest \u015awi\u0119ty<\/strong><\/h1>\n\n\n\n<p><strong>Dokumenty wymagane do chrztu dziecka:<\/strong><\/p>\n\n\n\n<ul class=\"wp-block-list\">\n<li>Za\u015bwiadczenia z parafii zamieszkania chrzestnych, \u017ce s\u0105 osobami praktykuj\u0105cymi wiar\u0119.<\/li>\n\n\n\n<li>Odpis aktu urodzenia dziecka z Urz\u0119du Stanu Cywilnego.<\/li>\n\n\n\n<li>Wyci\u0105g z aktu \u015blubu ko\u015bcielnego rodzic\u00f3w (je\u015bli zawarli taki \u015blub).<\/li>\n\n\n\n<li>Dane osobowe kandydat\u00f3w na chrzestnych: imiona i nazwiska, wiek, wyznanie, zaw\u00f3d oraz adres zamieszkania.<\/li>\n<\/ul>\n\n\n\n<hr class=\"wp-block-separator has-alpha-channel-opacity\"\/>\n\n\n\n<h3 class=\"wp-block-heading\"><strong>Pierwsza Komunia \u015awi\u0119ta<\/strong><\/h3>\n\n\n\n<p><strong>Dokumenty potrzebne do I Komunii:<\/strong><\/p>\n\n\n\n<ul class=\"wp-block-list\">\n<li>Zgoda proboszcza z parafii zamieszkania, je\u015bli dziecko nale\u017cy do innej parafii.<\/li>\n\n\n\n<li>Metryka chrztu dziecka.<\/li>\n<\/ul>\n\n\n\n<hr class=\"wp-block-separator has-alpha-channel-opacity\"\/>\n\n\n\n<h3 class=\"wp-block-heading\"><strong>Bierzmowanie<\/strong><\/h3>\n\n\n\n<p><strong>Dokumenty wymagane do bierzmowania:<\/strong><\/p>\n\n\n\n<ul class=\"wp-block-list\">\n<li>Metryka chrztu.<\/li>\n\n\n\n<li>Za\u015bwiadczenie o uczestnictwie w lekcjach religii w szkole lub ostatnie \u015bwiadectwo katechizacji.<\/li>\n\n\n\n<li>Dla os\u00f3b starszych \u2013 \u015bwiadectwo uko\u0144czenia katechizacji szkolnej.<\/li>\n<\/ul>\n\n\n\n<hr class=\"wp-block-separator has-alpha-channel-opacity\"\/>\n\n\n\n<h3 class=\"wp-block-heading\"><strong>Sakrament Ma\u0142\u017ce\u0144stwa<\/strong><\/h3>\n\n\n\n<p><strong>Dokumenty potrzebne do zawarcia ma\u0142\u017ce\u0144stwa ko\u015bcielnego:<\/strong><\/p>\n\n\n\n<ul class=\"wp-block-list\">\n<li>Za\u015bwiadczenie z USC umo\u017cliwiaj\u0105ce \u015blub konkordatowy lub akt \u015blubu cywilnego (je\u015bli ju\u017c zawarty).<\/li>\n\n\n\n<li>Aktualna metryka chrztu (nie starsza ni\u017c 3 miesi\u0105ce), zawieraj\u0105ca wpisy o wcze\u015bniejszych sakramentach (np. ma\u0142\u017ce\u0144stwo, \u015bwi\u0119cenia, bierzmowanie).<\/li>\n\n\n\n<li>Dowody osobiste narzeczonych.<\/li>\n\n\n\n<li>Ostatnie \u015bwiadectwo katechizacji.<\/li>\n\n\n\n<li>\u015awiadectwo bierzmowania (je\u015bli nie ma wpisu na metryce chrztu).<\/li>\n\n\n\n<li>Za\u015bwiadczenie o uko\u0144czeniu kursu przedma\u0142\u017ce\u0144skiego.<\/li>\n<\/ul>\n\n\n\n<hr class=\"wp-block-separator has-alpha-channel-opacity\"\/>\n\n\n\n<h3 class=\"wp-block-heading\"><strong>Namaszczenie chorych<\/strong><\/h3>\n\n\n\n<p><strong>Nie wymaga wcze\u015bniejszych dokument\u00f3w.<\/strong><br>Sakrament udzielany jest osobom powa\u017cnie chorym lub w podesz\u0142ym wieku. Udzielany mo\u017ce by\u0107 wielokrotnie, gdy stan zdrowia si\u0119 pogarsza. Je\u015bli stan zdrowia nie pozwala na spowied\u017a, sakrament zawiera r\u00f3wnie\u017c odpuszczenie grzech\u00f3w.<\/p>\n\n\n\n<hr class=\"wp-block-separator has-alpha-channel-opacity\"\/>\n\n\n\n<h3 class=\"wp-block-heading\"><strong>Pogrzeb katolicki<\/strong><\/h3>\n\n\n\n<p><strong>Dokumenty wymagane do pogrzebu:<\/strong><\/p>\n\n\n\n<p>W przypadku pogrzebu osoby spoza parafii \u2013 zgoda jej w\u0142asnego proboszcza.<\/p>\n\n\n\n<p>Akt zgonu z Urz\u0119du Stanu Cywilnego.<\/p>\n\n\n\n<p>Informacja o przyj\u0119ciu przez zmar\u0142ego sakrament\u00f3w (spowied\u017a, Komunia \u015awi\u0119ta, Namaszczenie chorych), je\u015bli to mo\u017cliwe.<\/p>\n","protected":false},"excerpt":{"rendered":"<p>Chrzest \u015awi\u0119ty Dokumenty wymagane do chrztu dziecka: Pierwsza Komunia \u015awi\u0119ta Dokumenty potrzebne do I Komunii: Bierzmowanie Dokumenty wymagane do bierzmowania: Sakrament Ma\u0142\u017ce\u0144stwa Dokumenty potrzebne do zawarcia ma\u0142\u017ce\u0144stwa ko\u015bcielnego: Namaszczenie chorych Nie wymaga wcze\u015bniejszych dokument\u00f3w.Sakrament udzielany jest osobom powa\u017cnie chorym lub w podesz\u0142ym wieku. Udzielany mo\u017ce by\u0107 wielokrotnie, gdy stan zdrowia<span class=\"more-dots\">&#8230;<\/span><\/p>\n","protected":false},"author":1,"featured_media":0,"parent":0,"menu_order":0,"comment_status":"closed","ping_status":"closed","template":"","meta":{"footnotes":""},"class_list":["post-11","page","type-page","status-publish","hentry","no-post-thumbnail"],"_links":{"self":[{"href":"https:\/\/parafiagruczno.pl\/index.php?rest_route=\/wp\/v2\/pages\/11","targetHints":{"allow":["GET"]}}],"collection":[{"href":"https:\/\/parafiagruczno.pl\/index.php?rest_route=\/wp\/v2\/pages"}],"about":[{"href":"https:\/\/parafiagruczno.pl\/index.php?rest_route=\/wp\/v2\/types\/page"}],"author":[{"embeddable":true,"href":"https:\/\/parafiagruczno.pl\/index.php?rest_route=\/wp\/v2\/users\/1"}],"replies":[{"embeddable":true,"href":"https:\/\/parafiagruczno.pl\/index.php?rest_route=%2Fwp%2Fv2%2Fcomments&post=11"}],"version-history":[{"count":3,"href":"https:\/\/parafiagruczno.pl\/index.php?rest_route=\/wp\/v2\/pages\/11\/revisions"}],"predecessor-version":[{"id":280,"href":"https:\/\/parafiagruczno.pl\/index.php?rest_route=\/wp\/v2\/pages\/11\/revisions\/280"}],"wp:attachment":[{"href":"https:\/\/parafiagruczno.pl\/index.php?rest_route=%2Fwp%2Fv2%2Fmedia&parent=11"}],"curies":[{"name":"wp","href":"https:\/\/api.w.org\/{rel}","templated":true}]}}